units digit of o?
3
Let t = -7927 + 52686. What is the ten thousands digit of t?
4
Let m be 15/((9 + -4)/(-15)). Let o = m + 48. Suppose -2*s = o*f - 371, -3*s - 3*f = s - 739. What is the hundreds digit of s?
1
Let t be 1420*(-7)/(210/12). Let c = -187 - t. What is the units digit of c?
1
Let z = 9 + 393. Suppose -4*t - 96 + 3078 = -25*t. Let f = z + t. What is the hundreds digit of f?
2
Suppose -8*l - 2 + 50 = 0. Let m be (-1)/l - 2508/72. Let u = m - -122. What is the tens digit of u?
8
Let p = 88 - 100. Let v be (p/15 + 0)/(8/20). What is the tens digit of ((-12)/21)/v - 11800/(-56)?
1
Let b(t) = -3*t + 63. Let i be 12 - ((-4)/2 - 2). Let q be b(i). What is the units digit of 1 + q/(-3) + 27?
3
What is the hundreds digit of 2 + (16085 - (-10 - 3))?
1
Suppose -3*c + 6 = -9, 3*u + 1 = -c. Let a(h) = -10*h + 5. Let t be a(u). Suppose -4*n = -19 - t. What is the units digit of n?
1
Suppose 34*b - 56760 = 32*b. What is the tens digit of b?
8
What is the hundreds digit of (711/474)/((-2)/(-6380))?
7
What is the units digit of 72665*24/36*15/50?
3
What is the thousands digit of (-28)/154 + 2214846/99?
2
Let u(s) = s**3 + 59*s**2 + 137*s + 1309. Let i be u(-57). Suppose 1 = -2*r - 3. What is the units digit of (-3)/(i*r/(-24))?
8
Suppose 4*d - 7*v = -3*v, -5*v = -5. What is the hundreds digit of (-7 - -626)*d + 6?
6
Let p(n) = n**3 - 12*n**2 + 10. Let z be p(12). Suppose -2*c = z, -d + 11 = -4*d - c. What is the tens digit of d - ((-3883)/66 - (-2)/(-12))?
5
Let x = -6485 - -17322. What is the hundreds digit of x?
8
Suppose 12939 = 13*s - 11*s - 5*a, 3*a = -21. What is the hundreds digit of s?
4
Let w = -741 - -529. Let l be (0 - 4)*w/8. Let u = l - 24. What is the tens digit of u?
8
Let c(v) = 75*v - 444. Let b be c(6). What is the tens digit of (1590/(-45))/((-4)/b)?
5
Let m(u) = -64*u**3 - u**2 - u + 3. Let k(s) = 3*s**2 + 8*s - 5. Let g be k(-3). What is the units digit of m(g)?
3
Let p(a) = -3*a**2 + 20*a - 1312. Let l(b) = -4*b**2 + 29*b - 1967. Let q(u) = -5*l(u) + 7*p(u). What is the units digit of q(0)?
1
Suppose -30 = -11*a + 6*a. Suppose 0 = -4*f - 2*p + 3*p + 22, 0 = 4*f + 4*p - 32. What is the hundreds digit of a*609/24 + f/8?
1
Suppose -65*l - 2970 = -71*l. Let x = l - 363. What is the units digit of x?
2
What is the thousands digit of 157/(1/2*2/26)?
4
Suppose 4*j - 3 = -639. What is the tens digit of 615/(-2)*106/j?
0
Suppose 9*k - 56 = 5*k. What is the units digit of 245/k*8 + 0?
0
Let l(k) = 262*k**2 - 212*k - 1757. What is the units digit of l(-8)?
7
Let a = 68 + -63. Suppose 2*q + 4 = -2*l, 5*l - 2 = a*q - 32. Suppose 0 = -q*y - y + 381. What is the hundreds digit of y?
1
Let l be 1 + 16 - 1 - (-21 - -21). Let p be (20/l)/((-1)/(-4)). Suppose -3*u + 22 = 10, p*u = -v + 42. What is the units digit of v?
2
Suppose 0 = 3*w - 3 - 9. Let a = -1296 + 1301. What is the units digit of a/3*(w - (-114)/3)?
0
Let z be 2/(-2) + 2 + -11 + 7. What is the hundreds digit of (-13400)/(-24) - 5/z?
5
Let i be 12 + -8 - (2 + 0). Let w = -699 - -997. Suppose i*t - w + 28 = 0. What is the units digit of t?
5
Let d be (1/(-3))/((-9)/54). Suppose -211 = d*a - 53. Let o = -45 - a. What is the units digit of o?
4
Let q(h) = 45*h - 4*h**2 - 27 - 33*h + 3*h**2. Let f be q(7). Suppose 154 = f*y - 6*y. What is the tens digit of y?
7
Let m(j) = 2*j - 33. Let z be m(19). Suppose 18*o - z*o - 3640 = 0. Let s = o + -142. What is the units digit of s?
8
Let y(m) = -3*m**2 - 21*m + 19. Let h be y(-10). Let i = 249 + h. What is the units digit of i?
8
Let x(b) = 4*b**2 - 14*b**2 + 3*b**3 - 124*b + 12*b - 2*b**3 + 10 - 4*b**2. What is the thousands digit of x(22)?
1
Let p(z) = z**3 - 2*z**2 + 10*z + 92. Let g be p(0). Let x = g + 914. What is the thousands digit of x?
1
Suppose 176 = 2*c - 0*c. Suppose -5*w + c = 13. Suppose 0 = -w*i + 12*i + 300. What is the hundreds digit of i?
1
Suppose 3*l = m - 126, 0 = -4*l + 9*l - 7*m + 226. Suppose -g - 166 = -u, 5*u = 4*g + 344 + 485. Let a = l + u. What is the tens digit of a?
2
Suppose -24*b - 85653 + 247341 = 0. What is the hundreds digit of b?
7
Let i(u) = u**3 - 12*u**2 - 13*u + 7. Let w be (-114)/(-9) - (-2)/(-12)*-2. What is the units digit of i(w)?
7
Suppose 2*n + 2 = 3*v + 18, -n = -v - 7. Suppose 2*w - 6*w = -4*g - 8, 0 = -w + n*g + 10. Suppose w = -5*k + 16*k - 968. What is the tens digit of k?
8
Let t(j) = 4*j**2 - 11*j - 9. Let r(g) = -3*g - 59. Let x be r(-23). What is the hundreds digit of t(x)?
2
Let f(o) = -o**2 + 19*o - 92. Let k be f(9). What is the hundreds digit of (4 - 3) + (6/k - -1048)?
0
Let u be 5*(8/((-16)/6))/(-3). Suppose u*g = -f + 164, 5*f - g = -4*g + 798. What is the tens digit of f?
5
Suppose -1397540 - 479095 = -135*m. What is the thousands digit of m?
3
Suppose 2*i - 8 = 0, o = 5*i + 1105 + 233. What is the thousands digit of (-36)/30*5 + o?
1
Let p = 5569 + 3834. What is the tens digit of p?
0
Let n(t) = 4*t**2 + 5 - 8*t - 8*t**2 + 2*t**2 + 3*t**2. Let q be n(8). Suppose 0 = -3*r - q*m + 41, -3*r + 0*m + 43 = 4*m. What is the units digit of r?
7
Suppose -19*n + 6025 = 6*n. Suppose 95*u = 94*u + n. What is the hundreds digit of u?
2
Let m(u) = u - 2. Let f(i) = -39*i + 51. Let x(w) = -f(w) + 3*m(w). What is the hundreds digit of x(11)?
4
Let c(m) = 3*m + 3*m - 2*m + 18. Let f be -3*((-25)/15 + 56/(-42)). What is the tens digit of c(f)?
5
Suppose 36 = z - 3*c + 2*c, 5*z + 5*c - 140 = 0. What is the tens digit of 4/(z/(-10)) - 25290/(-40)?
3
Let o be (-1)/5 - (-12)/(-15) - 83. Let a = 255 - 163. Let x = a + o. What is the units digit of x?
8
Suppose x - 4*y - 53 = 0, 3*y = 3*x + 31 - 145. Suppose x*q + 2*f + 291 = 34*q, 3*q - 841 = -2*f. What is the units digit of q?
3
Let b be (-467)/(-3) + (-86)/129. Let c = b + 79. What is the hundreds digit of c?
2
Suppose o - 250 = j + 2*j, 3*j + 246 = 3*o. What is the tens digit of (1 - -4)*j/(-35)?
1
Let q = 22568 + -9734. What is the ten thousands digit of q?
1
Suppose -4*z + 650 - 110 = 0. Suppose -z*p + 5454 = -129*p. What is the units digit of p?
9
Let f(g) = g + 3. Let r be f(5). Suppose r*c = 10*c + 6. What is the tens digit of c - (-3 + 9*-6)?
5
Let m be ((-36)/(-21))/((-5)/(-140)). Let u be (12/(-10))/(m/(-160)). Suppose 0 = u*d - 4*y - 176, 6*d + y - 166 = 2*d. What is the units digit of d?
2
Suppose 574092 = 113*h - 39*h. What is the units digit of h?
8
Let v be (-5)/(-10)*1254*1. Suppose -r + v = 10*r. Suppose -r + 9 = -f. What is the units digit of f?
8
What is the units digit of 4/(37/(930846/28))?
4
Suppose -5*f - 2*i + 10377 = 0, -15*i + 6243 = 3*f - 18*i. What is the tens digit of f?
7
Suppose -2064592 + 538860 = -148*y. What is the units digit of y?
9
Let a(v) be the first derivative of v**3 + v**2/2 + v - 8. Let w be a(-1). Suppose -w*t = 4*h - 38 - 13, -t - 5*h = -6. What is the units digit of t?
1
Suppose 0 = -2*o + 2*z + 328, 0 = -5*o + 3*z + 513 + 297. Let c = o - 103. Let y = c - 7. What is the tens digit of y?
4
Suppose 4 = 6*u - 20. Suppose -5*m + 577 = 3*l - 878, 0 = -m - u*l + 308. What is the hundreds digit of m?
2
Suppose 0 = 710*k - 8884057 - 33238113. What is the hundreds digit of k?
3
Let k(t) = -49861*t + 793. What is the units digit of k(-1)?
4
Let o = 469 - 485. Let x(z) = 6*z**2 + 56*z + 16. What is the hundreds digit of x(o)?
6
What is the units digit of (-43)/(-688) - 1008606/(-32)?
9
Let x = 4044 - 1771. Let p = x + -824. What is the units digit of p?
9
Let a = 163 - 154. What is the units digit of 492/(-2)*a/(-6)?
9
Suppose -3*m + 5*m + 2636 = 0. Let h be -3 - m/8 - (-4)/16. Let i = -50 + h. What is the hundreds digit of i?
1
Suppose 0 = -3*v + 2*v + 4*c + 65, -2*v + 5*c + 115 = 0. Suppose 0 = 51*y - 55*y + 756. Suppose 5*r - 580 = -5*p, p - v = -2*r + y. What is the tens digit of r?
1
Let j(p) = 2*p**3 - 5*p**2 - p + 5. Suppose 7*z + 2*v - 58 = 3*z, v = 5. Suppose 15*m = z*m + 12. What is the tens digit of j(m)?
4
Let m(n) = 294*n**2 - 63*n + 322. What is the thousands digit of m(5)?
7
Suppose 3*z = -19 - 23. What is the tens digit of (z - -4)/5*-25?
5
Let t be (-7 + (339/(-7) - 8))*-7. Let y = 379 + -161. Suppose 2*d + t = 4*l, -l - d = l - y. What is the hundreds digit of l?
1
Let z(w) = 16518*w - 2762. What is the units digit of z(4)?
0
Suppose -26*p = -36205 - 98735. Suppose p = 9*s - 714. What is th